20
Suppose -4*g - f = -24, g + 3*f = -4*g + 30. What is the highest common divisor of g and 69?
3
Suppose -n + 4*n - 2*j = 232, 3*n - 228 = 3*j. What is the highest common divisor of n and 112?
16
Let q be 21/(((-1)/6)/((-2)/4)). Suppose 5*f - 68 = 142. Calculate the greatest common divisor of q and f.
21
Suppose 5*h + 4*d - 65 = 175, -3*d + 367 = 8*h. Suppose -82 = 3*p - 265. Suppose -4*i - 17 + p = 0. What is the greatest common divisor of h and i?
11
Let g(z) = -11*z - 32. Let d be g(-9). Let m = 82 - d. What is the greatest common divisor of m and 3?
3
Suppose 5*n = 2*h + 45, 4*n - n = -4*h - 25. Let f be (-1 + (-79)/2)*2. Let g be (f/(-6))/((-5)/h). Calculate the highest common factor of 9 and g.
9
Let r(x) = -10*x + 12*x**2 - 2 - 5*x**3 + 1 + 4*x**3. Let a be r(10). Let z = 210 + -144. What is the greatest common factor of z and a?
33
Suppose -81*d + 350 = -67*d. Suppose 1117 + 127 = 5*h - 2*c, -h + 262 = 4*c. What is the greatest common divisor of h and d?
25
Suppose -3*i = 6, 3*v - 5*i = -40 + 128. Suppose 24 + 1 = 5*h. Let j be 12/(-20) - (-68)/h. What is the greatest common divisor of v and j?
13
Let y be (1 + 15)*(-30)/(-24). Calculate the highest common divisor of 180 and y.
20
Let f be ((-155)/(-35) - 5)*490/(-10). What is the highest common factor of f and 77?
7
Let c(n) = 12*n - 10. Let p be c(4). What is the greatest common divisor of p and 608?
38
Suppose -24 = -3*s + j, -3 = -2*j + 3*j. Suppose 3*c - 2*y = -s + 23, 4*y = 2*c. Calculate the greatest common factor of 56 and c.
8
Let p be -2*3/(-15) + 118/5. Calculate the greatest common factor of 96 and p.
24
Suppose 0*i - 6*i = -30. Suppose i*v - 35 = -4*z, v + z - 2 = 6. Suppose 3*r - 2*r - 38 = -4*q, q = v*r + 16. Calculate the greatest common factor of 10 and q.
10
Let u = 140 + -134. Calculate the highest common factor of u and 222.
6
Suppose 600 = 9*r + 16*r. What is the greatest common factor of r and 15?
3
Let a(s) = -s**3 - 5*s**2 + 32*s + 9. Let b be a(-9). What is the highest common divisor of 90 and b?
45
Let v = 65 + -56. Suppose 0 = 13*u - v - 134. What is the highest common factor of 33 and u?
11
Let t = -131 - -362. What is the greatest common divisor of 42 and t?
21
Let f(l) = -l**3 - 10*l**2 + 8. Let n be f(0). Calculate the greatest common factor of 64 and n.
8
Let n = -2106 - -2140. Calculate the greatest common factor of 51 and n.
17
Suppose -13 - 1217 = -6*f. Calculate the greatest common divisor of f and 5.
5
Let m = 18 + -19. Let l be m*6*(-6)/9. Suppose 3*q + 6 = l*x, 6*x = x - q + 17. What is the greatest common factor of 21 and x?
3
Let j(z) = -z**3 + 19*z**2 + 2. Let t be j(19). Suppose 31 = 2*x - t*a - 51, 5*a = x - 37. Calculate the greatest common factor of 12 and x.
6
Let i(g) = 3*g**2 + 21. Let y(q) = 2*q**2 + 11. Let j(z) = 3*i(z) - 5*y(z). Let a be j(0). Calculate the greatest common divisor of 24 and a.
8
Let s(y) = -2*y - 14. Let a be (0 - -2)*(-18)/4. Let w be s(a). What is the greatest common factor of 28 and w?
4
Suppose -2*d - 8 = -0*d. Let p be (d/2)/2 + 57. Let w = -1201 - -1208. Calculate the greatest common factor of p and w.
7
Suppose -3*t - 19*q + 18*q + 180 = 0, 2*t - 3*q = 120. Let o(z) = -3*z**3 - 7*z**2 + 4*z + 2. Let f be o(-7). What is the highest common factor of f and t?
60
Suppose -5*b - 6977 = 26*i - 30*i, -3*i + 3*b + 5235 = 0. Calculate the highest common divisor of i and 76.
76
Let t(n) = n**2 - 3*n + 3. Suppose -1 = -b + 1. Let k be t(b). Calculate the greatest common divisor of 4 and k.
1
Suppose -24 - 6 = -5*n. Suppose 4*z - 3*s + 16 = -7*s, 0 = 3*s + n. Let a be (1/z)/((-1)/108). Calculate the greatest common divisor of a and 36.
18
Suppose -2822 = -6*u - 9566. Let k = u - -1637. What is the greatest common divisor of k and 57?
57
Suppose 0*n + n = 5. Let s be 65*(-2)/(-3)*12/8. Suppose s = n*d + p + 4*p, d = 4*p + 8. Calculate the greatest common factor of d and 108.
12
Suppose 85 - 361 = -6*z. Calculate the highest common divisor of z and 92.
46
Let h be (228/(-18))/(-1 + 4/12). What is the greatest common factor of 133 and h?
19
Let p = -2 - -24. Suppose -5*f + 8 = -f. Calculate the greatest common factor of p and f.
2
Let f(q) = 36 + 31 + q**2 + 34 + 4*q - 97. Let d be f(-3). Calculate the highest common factor of d and 14.
1
Let n(v) = 7*v - 100. Let l be n(19). Calculate the greatest common factor of 33 and l.
33
Suppose -5*g = -2*a, 3*a + 8*g = 3*g. Let j be (-480)/16*(a - 8/10). Suppose 67 = 4*d + 3. What is the greatest common divisor of d and j?
8
Let r be (-656)/(-10) - 4/(-10). Let b(h) = -672*h - 11931. Let z be b(-18). Calculate the greatest common divisor of z and r.
33
Let m be (4/(-8))/((-6)/372). What is the greatest common divisor of 93 and m?
31
Let g(i) = -6*i**2 - 222*i + 19. Let m be g(-37). Let y be (1 - -1)/(-2 + 4). What is the greatest common factor of y and m?
1
Let p = 50 + -25. Calculate the highest common divisor of 75 and p.
25
Let p(f) = 2*f**3 - 19*f**2 - 10*f + 2. Let j be p(10). Let n(k) = k + 14. Let o be n(j). Calculate the greatest common divisor of o and 64.
16
Suppose 0 = 9*q - 26*q + 476. What is the highest common divisor of q and 16?
4
Let z be (-59 - 3)/(0 + (-6)/18). Calculate the greatest common divisor of 248 and z.
62
Let a = -76 - -80. Let s be a/18 + 100/108*3. Calculate the greatest common factor of s and 2.
1
Let y be 708/(-10) + 8/10. Let j = -10 - y. What is the highest common divisor of j and 24?
12
Suppose 3*b - 4*l + 79 = 0, 0 = -3*l - 3 - 3. Let q = -1 - b. What is the greatest common factor of q and 140?
28
Let a be (-3)/(-3) - (-2 - -1 - 6). What is the greatest common divisor of 344 and a?
8
Suppose 0*g - 55 = -5*g. Suppose -h - 2*x + g = 0, -4*x + 8*x = -h + 13. Calculate the greatest common divisor of h and 99.
9
Suppose -o + 73 = x, -3*o = -5*o - 5*x + 155. What is the greatest common divisor of o and 434?
14
Suppose 0 = -2*l + 3*b + 4 - 5, 5*l + 3*b - 29 = 0. Suppose 0*p + 4*p - l = 0. Suppose -2*m - 2 = -4*m. What is the greatest common divisor of m and p?
1
Suppose -r = 3*j - 123, 5*r = j + 4*j - 225. Let b = j + 58. Suppose 75 = -n + 4*n. Calculate the greatest common divisor of b and n.
25
Suppose 0 = -129*v + 122*v + 1365. What is the highest common divisor of v and 45?
15
Let i be (-15)/(-7) - (-2)/(-14). Suppose 4*x - 12 = -i*u + 4, -x = -2*u + 6. Calculate the highest common factor of u and 64.
4
Let v(z) = 3*z. Let p be v(-1). Let q be 190/40 - p/(-4). Suppose -q*l + 48 = a + a, -78 = -3*a - 3*l. Calculate the greatest common divisor of a and 4.
4
Let r(n) = 5*n + 16. Let q be r(-16). Let y = -45 - q. What is the greatest common divisor of 95 and y?
19
Suppose -7*j = -143 - 459. Suppose 0 = -j*h + 91*h - 20. Calculate the highest common factor of 44 and h.
4
Let b be 0/(3*(-4)/(-6)). Let d(k) = -k**2 + 8. Let u be d(b). Suppose 0 = 3*y - 5*p + 11, 2*y + 2*y - u = p. What is the greatest common factor of 15 and y?
3
Let y = 64 + -67. Let i be -1*y/(12/56). Calculate the highest common divisor of i and 56.
14
Let u(r) = -26*r - 11. Let z be u(-2). Let f = z + -25. What is the highest common divisor of f and 64?
16
Let n(u) = -4*u. Let d be n(-2). Let w be (-15 + 658/70)/(3/(-15)). What is the greatest common factor of d and w?
4
Let y(n) be the second derivative of n**4/12 - n**3/3 - 3*n**2 + 3*n. Let s be y(-4). Let x be (-18)/(-5)*15/3. Calculate the highest common factor of s and x.
18
Let s = 14 + 4. Suppose 24 = 2*b - 5*b. Let y be 1292/18 - b/36. Calculate the greatest common divisor of y and s.
18
Suppose 0 = -3*q + g + g + 2, -2*q + 5*g + 16 = 0. Let v be (2871/(-11))/(3/q). Calculate the highest common divisor of v and 29.
29
Let h be (92 - 0)/2 + 2296/328. Calculate the highest common divisor of 3 and h.
1
Let q be (-40)/12*(-4380)/40. Calculate the greatest common divisor of q and 73.
73
Suppose -5*g + 465 = 135. Suppose 0*l = 4*l + 2*u - g, 0 = -l + 5*u - 11. What is the greatest common factor of l and 112?
14
Let f(p) = 17*p**2 + 48*p + 9. Let r be f(-9). What is the highest common divisor of r and 106?
106
Let x(t) = 3*t + 11. Let p(v) = 7*v**2 - 3*v - 4. Let i be p(-1). Let u be x(i). Calculate the highest common factor of 29 and u.
29
Let n be (-1)/(-8*4/(-11) - 3). Let r = 7 + n. What is the greatest common divisor of 3 a